{"id":287,"date":"2022-11-08T10:07:13","date_gmt":"2022-11-08T10:07:13","guid":{"rendered":"http:\/\/transcotec.ipportalegre.pt\/?page_id=287"},"modified":"2023-07-04T10:41:19","modified_gmt":"2023-07-04T10:41:19","slug":"editoriais-2","status":"publish","type":"page","link":"https:\/\/transcotec.ipportalegre.pt\/index.php\/editoriais-2\/","title":{"rendered":"EDITORIAIS"},"content":{"rendered":"<p><blockquote class=\"wp-embedded-content\" data-secret=\"AscPs5FFts\"><a href=\"https:\/\/transcotec.ipportalegre.pt\/index.php\/2023\/06\/30\/editorial-18-olinda-sequeira\/\">Editorial #18: Olinda Sequeira<\/a><\/blockquote><iframe loading=\"lazy\" class=\"wp-embedded-content\" sandbox=\"allow-scripts\" security=\"restricted\" style=\"position: absolute; clip: rect(1px, 1px, 1px, 1px);\" title=\"&#8220;Editorial #18: Olinda Sequeira&#8221; &#8212; TransCoTec\" src=\"https:\/\/transcotec.ipportalegre.pt\/index.php\/2023\/06\/30\/editorial-18-olinda-sequeira\/embed\/#?secret=T23J5PPRpK#?secret=AscPs5FFts\" data-secret=\"AscPs5FFts\" width=\"600\" height=\"338\" frameborder=\"0\" marginwidth=\"0\" marginheight=\"0\" scrolling=\"no\"><\/iframe><\/p>\n\n\n<figure class=\"wp-block-image size-full is-resized\"><img loading=\"lazy\" decoding=\"async\" src=\"http:\/\/transcotec.ipportalegre.pt\/wp-content\/uploads\/2022\/10\/separador-transcotec.png\" alt=\"\" class=\"wp-image-267\" width=\"202\" height=\"42\"\/><\/figure>\n\n\n<p><blockquote class=\"wp-embedded-content\" data-secret=\"f6NLAI9ZoF\"><a href=\"https:\/\/transcotec.ipportalegre.pt\/index.php\/2023\/06\/26\/editorial-17-joao-samartinho\/\">Editorial #17: Jo\u00e3o Samartinho<\/a><\/blockquote><iframe loading=\"lazy\" class=\"wp-embedded-content\" sandbox=\"allow-scripts\" security=\"restricted\" style=\"position: absolute; clip: rect(1px, 1px, 1px, 1px);\" title=\"&#8220;Editorial #17: Jo\u00e3o Samartinho&#8221; &#8212; TransCoTec\" src=\"https:\/\/transcotec.ipportalegre.pt\/index.php\/2023\/06\/26\/editorial-17-joao-samartinho\/embed\/#?secret=re2xH961EV#?secret=f6NLAI9ZoF\" data-secret=\"f6NLAI9ZoF\" width=\"600\" height=\"338\" frameborder=\"0\" marginwidth=\"0\" marginheight=\"0\" scrolling=\"no\"><\/iframe><\/p>\n\n\n<figure class=\"wp-block-image size-full is-resized\"><img loading=\"lazy\" decoding=\"async\" src=\"http:\/\/transcotec.ipportalegre.pt\/wp-content\/uploads\/2022\/10\/separador-transcotec.png\" alt=\"\" class=\"wp-image-267\" width=\"202\" height=\"42\"\/><\/figure>\n\n\n<p><blockquote class=\"wp-embedded-content\" data-secret=\"8io773pwkk\"><a href=\"https:\/\/transcotec.ipportalegre.pt\/index.php\/2023\/06\/14\/editorial-16-luis-loures-ipportalegre\/\">Editorial #16: Lu\u00eds Loures<\/a><\/blockquote><iframe loading=\"lazy\" class=\"wp-embedded-content\" sandbox=\"allow-scripts\" security=\"restricted\" style=\"position: absolute; clip: rect(1px, 1px, 1px, 1px);\" title=\"&#8220;Editorial #16: Lu\u00eds Loures&#8221; &#8212; TransCoTec\" src=\"https:\/\/transcotec.ipportalegre.pt\/index.php\/2023\/06\/14\/editorial-16-luis-loures-ipportalegre\/embed\/#?secret=kiVqndu7n0#?secret=8io773pwkk\" data-secret=\"8io773pwkk\" width=\"600\" height=\"338\" frameborder=\"0\" marginwidth=\"0\" marginheight=\"0\" scrolling=\"no\"><\/iframe><\/p>\n\n\n<figure class=\"wp-block-image size-full is-resized\"><img loading=\"lazy\" decoding=\"async\" src=\"http:\/\/transcotec.ipportalegre.pt\/wp-content\/uploads\/2022\/10\/separador-transcotec.png\" alt=\"\" class=\"wp-image-267\" width=\"202\" height=\"42\"\/><\/figure>\n\n\n<p><blockquote class=\"wp-embedded-content\" data-secret=\"6S4DtRurTs\"><a href=\"https:\/\/transcotec.ipportalegre.pt\/index.php\/2023\/05\/18\/editorial-15-olinda-sequeira\/\">Editorial #15: Olinda Sequeira<\/a><\/blockquote><iframe loading=\"lazy\" class=\"wp-embedded-content\" sandbox=\"allow-scripts\" security=\"restricted\" style=\"position: absolute; clip: rect(1px, 1px, 1px, 1px);\" title=\"&#8220;Editorial #15: Olinda Sequeira&#8221; &#8212; TransCoTec\" src=\"https:\/\/transcotec.ipportalegre.pt\/index.php\/2023\/05\/18\/editorial-15-olinda-sequeira\/embed\/#?secret=HSYaw6ghdX#?secret=6S4DtRurTs\" data-secret=\"6S4DtRurTs\" width=\"600\" height=\"338\" frameborder=\"0\" marginwidth=\"0\" marginheight=\"0\" scrolling=\"no\"><\/iframe><\/p>\n\n\n<figure class=\"wp-block-image size-full is-resized\"><img loading=\"lazy\" decoding=\"async\" src=\"http:\/\/transcotec.ipportalegre.pt\/wp-content\/uploads\/2022\/10\/separador-transcotec.png\" alt=\"\" class=\"wp-image-267\" width=\"202\" height=\"42\"\/><\/figure>\n\n\n<p><blockquote class=\"wp-embedded-content\" data-secret=\"NQRcSZxk6o\"><a href=\"https:\/\/transcotec.ipportalegre.pt\/index.php\/2023\/05\/03\/editorial-14-joao-samartinho\/\">Editorial #14: Jo\u00e3o Samartinho<\/a><\/blockquote><iframe loading=\"lazy\" class=\"wp-embedded-content\" sandbox=\"allow-scripts\" security=\"restricted\" style=\"position: absolute; clip: rect(1px, 1px, 1px, 1px);\" title=\"&#8220;Editorial #14: Jo\u00e3o Samartinho&#8221; &#8212; TransCoTec\" src=\"https:\/\/transcotec.ipportalegre.pt\/index.php\/2023\/05\/03\/editorial-14-joao-samartinho\/embed\/#?secret=7iD6piPLdQ#?secret=NQRcSZxk6o\" data-secret=\"NQRcSZxk6o\" width=\"600\" height=\"338\" frameborder=\"0\" marginwidth=\"0\" marginheight=\"0\" scrolling=\"no\"><\/iframe><\/p>\n\n\n<figure class=\"wp-block-image size-full is-resized\"><img loading=\"lazy\" decoding=\"async\" src=\"http:\/\/transcotec.ipportalegre.pt\/wp-content\/uploads\/2022\/10\/separador-transcotec.png\" alt=\"\" class=\"wp-image-267\" width=\"202\" height=\"42\"\/><\/figure>\n\n\n<p><blockquote class=\"wp-embedded-content\" data-secret=\"fEJT04xZON\"><a href=\"https:\/\/transcotec.ipportalegre.pt\/index.php\/2023\/04\/18\/editorial-13-ricardo-campos\/\">Editorial #13: Ricardo Campos<\/a><\/blockquote><iframe loading=\"lazy\" class=\"wp-embedded-content\" sandbox=\"allow-scripts\" security=\"restricted\" style=\"position: absolute; clip: rect(1px, 1px, 1px, 1px);\" title=\"&#8220;Editorial #13: Ricardo Campos&#8221; &#8212; TransCoTec\" src=\"https:\/\/transcotec.ipportalegre.pt\/index.php\/2023\/04\/18\/editorial-13-ricardo-campos\/embed\/#?secret=mEpJWgwnjR#?secret=fEJT04xZON\" data-secret=\"fEJT04xZON\" width=\"600\" height=\"338\" frameborder=\"0\" marginwidth=\"0\" marginheight=\"0\" scrolling=\"no\"><\/iframe><\/p>\n\n\n<figure class=\"wp-block-image size-full is-resized\"><img loading=\"lazy\" decoding=\"async\" src=\"http:\/\/transcotec.ipportalegre.pt\/wp-content\/uploads\/2022\/10\/separador-transcotec.png\" alt=\"\" class=\"wp-image-267\" width=\"202\" height=\"42\"\/><\/figure>\n\n\n<p><blockquote class=\"wp-embedded-content\" data-secret=\"SBOtmBN8O3\"><a href=\"https:\/\/transcotec.ipportalegre.pt\/index.php\/2023\/03\/23\/editorial-12-olinda-sequeira\/\">Editorial #12: Olinda Sequeira<\/a><\/blockquote><iframe loading=\"lazy\" class=\"wp-embedded-content\" sandbox=\"allow-scripts\" security=\"restricted\" style=\"position: absolute; clip: rect(1px, 1px, 1px, 1px);\" title=\"&#8220;Editorial #12: Olinda Sequeira&#8221; &#8212; TransCoTec\" src=\"https:\/\/transcotec.ipportalegre.pt\/index.php\/2023\/03\/23\/editorial-12-olinda-sequeira\/embed\/#?secret=IV4YfopsVR#?secret=SBOtmBN8O3\" data-secret=\"SBOtmBN8O3\" width=\"600\" height=\"338\" frameborder=\"0\" marginwidth=\"0\" marginheight=\"0\" scrolling=\"no\"><\/iframe><\/p>\n\n\n<figure class=\"wp-block-image size-full is-resized\"><img loading=\"lazy\" decoding=\"async\" src=\"http:\/\/transcotec.ipportalegre.pt\/wp-content\/uploads\/2022\/10\/separador-transcotec.png\" alt=\"\" class=\"wp-image-267\" width=\"202\" height=\"42\"\/><\/figure>\n\n\n<p><blockquote class=\"wp-embedded-content\" data-secret=\"PABCfbIJeV\"><a href=\"https:\/\/transcotec.ipportalegre.pt\/index.php\/2023\/03\/10\/520\/\">Editorial #11: Jo\u00e3o Samartinho<\/a><\/blockquote><iframe loading=\"lazy\" class=\"wp-embedded-content\" sandbox=\"allow-scripts\" security=\"restricted\" style=\"position: absolute; clip: rect(1px, 1px, 1px, 1px);\" title=\"&#8220;Editorial #11: Jo\u00e3o Samartinho&#8221; &#8212; TransCoTec\" src=\"https:\/\/transcotec.ipportalegre.pt\/index.php\/2023\/03\/10\/520\/embed\/#?secret=ESacsj15Kj#?secret=PABCfbIJeV\" data-secret=\"PABCfbIJeV\" width=\"600\" height=\"338\" frameborder=\"0\" marginwidth=\"0\" marginheight=\"0\" scrolling=\"no\"><\/iframe><\/p>\n\n\n<figure class=\"wp-block-image size-full is-resized\"><img loading=\"lazy\" decoding=\"async\" src=\"http:\/\/transcotec.ipportalegre.pt\/wp-content\/uploads\/2022\/10\/separador-transcotec.png\" alt=\"\" class=\"wp-image-267\" width=\"202\" height=\"42\"\/><\/figure>\n\n\n<p><blockquote class=\"wp-embedded-content\" data-secret=\"H3OnYh1dsB\"><a href=\"https:\/\/transcotec.ipportalegre.pt\/index.php\/2023\/03\/01\/editorial-10-paulo-brito\/\">Editorial #10: Paulo Brito<\/a><\/blockquote><iframe loading=\"lazy\" class=\"wp-embedded-content\" sandbox=\"allow-scripts\" security=\"restricted\" style=\"position: absolute; clip: rect(1px, 1px, 1px, 1px);\" title=\"&#8220;Editorial #10: Paulo Brito&#8221; &#8212; TransCoTec\" src=\"https:\/\/transcotec.ipportalegre.pt\/index.php\/2023\/03\/01\/editorial-10-paulo-brito\/embed\/#?secret=FiHzntAlWH#?secret=H3OnYh1dsB\" data-secret=\"H3OnYh1dsB\" width=\"600\" height=\"338\" frameborder=\"0\" marginwidth=\"0\" marginheight=\"0\" scrolling=\"no\"><\/iframe><\/p>\n\n\n<figure class=\"wp-block-image size-full is-resized\"><img loading=\"lazy\" decoding=\"async\" src=\"http:\/\/transcotec.ipportalegre.pt\/wp-content\/uploads\/2022\/10\/separador-transcotec.png\" alt=\"\" class=\"wp-image-267\" width=\"202\" height=\"42\"\/><\/figure>\n\n\n<p><blockquote class=\"wp-embedded-content\" data-secret=\"dag7Valq00\"><a href=\"https:\/\/transcotec.ipportalegre.pt\/index.php\/2023\/02\/09\/editorial-9-olinda-sequeira\/\">Editorial #9: Olinda Sequeira<\/a><\/blockquote><iframe loading=\"lazy\" class=\"wp-embedded-content\" sandbox=\"allow-scripts\" security=\"restricted\" style=\"position: absolute; clip: rect(1px, 1px, 1px, 1px);\" title=\"&#8220;Editorial #9: Olinda Sequeira&#8221; &#8212; TransCoTec\" src=\"https:\/\/transcotec.ipportalegre.pt\/index.php\/2023\/02\/09\/editorial-9-olinda-sequeira\/embed\/#?secret=N9sZcYGLSt#?secret=dag7Valq00\" data-secret=\"dag7Valq00\" width=\"600\" height=\"338\" frameborder=\"0\" marginwidth=\"0\" marginheight=\"0\" scrolling=\"no\"><\/iframe><\/p>\n\n\n<figure class=\"wp-block-image size-full is-resized\"><img loading=\"lazy\" decoding=\"async\" src=\"http:\/\/transcotec.ipportalegre.pt\/wp-content\/uploads\/2022\/10\/separador-transcotec.png\" alt=\"\" class=\"wp-image-267\" width=\"202\" height=\"42\"\/><\/figure>\n\n\n<p><blockquote class=\"wp-embedded-content\" data-secret=\"ZRQHvaV7q5\"><a href=\"https:\/\/transcotec.ipportalegre.pt\/index.php\/2023\/01\/31\/editorial-8-joao-samartinho\/\">Editorial #8: Jo\u00e3o Samartinho<\/a><\/blockquote><iframe loading=\"lazy\" class=\"wp-embedded-content\" sandbox=\"allow-scripts\" security=\"restricted\" style=\"position: absolute; clip: rect(1px, 1px, 1px, 1px);\" title=\"&#8220;Editorial #8: Jo\u00e3o Samartinho&#8221; &#8212; TransCoTec\" src=\"https:\/\/transcotec.ipportalegre.pt\/index.php\/2023\/01\/31\/editorial-8-joao-samartinho\/embed\/#?secret=S8bfqvDmlG#?secret=ZRQHvaV7q5\" data-secret=\"ZRQHvaV7q5\" width=\"600\" height=\"338\" frameborder=\"0\" marginwidth=\"0\" marginheight=\"0\" scrolling=\"no\"><\/iframe><\/p>\n\n\n<figure class=\"wp-block-image size-full is-resized\"><img loading=\"lazy\" decoding=\"async\" src=\"http:\/\/transcotec.ipportalegre.pt\/wp-content\/uploads\/2022\/10\/separador-transcotec.png\" alt=\"\" class=\"wp-image-267\" width=\"202\" height=\"42\"\/><\/figure>\n\n\n<p><blockquote class=\"wp-embedded-content\" data-secret=\"ZZKyrYBfYp\"><a href=\"https:\/\/transcotec.ipportalegre.pt\/index.php\/2023\/01\/10\/editorial-7-paulo-ferreira\/\">Editorial #7: Paulo Ferreira<\/a><\/blockquote><iframe loading=\"lazy\" class=\"wp-embedded-content\" sandbox=\"allow-scripts\" security=\"restricted\" style=\"position: absolute; clip: rect(1px, 1px, 1px, 1px);\" title=\"&#8220;Editorial #7: Paulo Ferreira&#8221; &#8212; TransCoTec\" src=\"https:\/\/transcotec.ipportalegre.pt\/index.php\/2023\/01\/10\/editorial-7-paulo-ferreira\/embed\/#?secret=Gt6pxw4TkQ#?secret=ZZKyrYBfYp\" data-secret=\"ZZKyrYBfYp\" width=\"600\" height=\"338\" frameborder=\"0\" marginwidth=\"0\" marginheight=\"0\" scrolling=\"no\"><\/iframe><\/p>\n\n\n<figure class=\"wp-block-image size-full is-resized\"><img loading=\"lazy\" decoding=\"async\" src=\"http:\/\/transcotec.ipportalegre.pt\/wp-content\/uploads\/2022\/10\/separador-transcotec.png\" alt=\"\" class=\"wp-image-267\" width=\"202\" height=\"42\"\/><\/figure>\n\n\n<p><blockquote class=\"wp-embedded-content\" data-secret=\"DRy0Gu2duM\"><a href=\"https:\/\/transcotec.ipportalegre.pt\/index.php\/2023\/01\/03\/editorial-6-olinda-sequeira\/\">Editorial #6: Olinda Sequeira<\/a><\/blockquote><iframe loading=\"lazy\" class=\"wp-embedded-content\" sandbox=\"allow-scripts\" security=\"restricted\" style=\"position: absolute; clip: rect(1px, 1px, 1px, 1px);\" title=\"&#8220;Editorial #6: Olinda Sequeira&#8221; &#8212; TransCoTec\" src=\"https:\/\/transcotec.ipportalegre.pt\/index.php\/2023\/01\/03\/editorial-6-olinda-sequeira\/embed\/#?secret=XkoE1gFRmR#?secret=DRy0Gu2duM\" data-secret=\"DRy0Gu2duM\" width=\"600\" height=\"338\" frameborder=\"0\" marginwidth=\"0\" marginheight=\"0\" scrolling=\"no\"><\/iframe><\/p>\n\n\n<figure class=\"wp-block-image size-full is-resized\"><img loading=\"lazy\" decoding=\"async\" src=\"http:\/\/transcotec.ipportalegre.pt\/wp-content\/uploads\/2022\/10\/separador-transcotec.png\" alt=\"\" class=\"wp-image-267\" width=\"202\" height=\"42\"\/><\/figure>\n\n\n<p><blockquote class=\"wp-embedded-content\" data-secret=\"VJi7I86ys5\"><a href=\"https:\/\/transcotec.ipportalegre.pt\/index.php\/2022\/12\/15\/editorial-joao-samartinho-2\/\">Editorial #5: Jo\u00e3o Samartinho<\/a><\/blockquote><iframe loading=\"lazy\" class=\"wp-embedded-content\" sandbox=\"allow-scripts\" security=\"restricted\" style=\"position: absolute; clip: rect(1px, 1px, 1px, 1px);\" title=\"&#8220;Editorial #5: Jo\u00e3o Samartinho&#8221; &#8212; TransCoTec\" src=\"https:\/\/transcotec.ipportalegre.pt\/index.php\/2022\/12\/15\/editorial-joao-samartinho-2\/embed\/#?secret=54SPQ5VAOk#?secret=VJi7I86ys5\" data-secret=\"VJi7I86ys5\" width=\"600\" height=\"338\" frameborder=\"0\" marginwidth=\"0\" marginheight=\"0\" scrolling=\"no\"><\/iframe><\/p>\n\n\n<figure class=\"wp-block-image size-full is-resized\"><img loading=\"lazy\" decoding=\"async\" src=\"http:\/\/transcotec.ipportalegre.pt\/wp-content\/uploads\/2022\/10\/separador-transcotec.png\" alt=\"\" class=\"wp-image-267\" width=\"202\" height=\"42\"\/><\/figure>\n\n\n<p><blockquote class=\"wp-embedded-content\" data-secret=\"YxzBIrhTVn\"><a href=\"https:\/\/transcotec.ipportalegre.pt\/index.php\/2022\/11\/30\/editorial-fernando-rebola\/\">Editorial #4: Fernando Rebola<\/a><\/blockquote><iframe loading=\"lazy\" class=\"wp-embedded-content\" sandbox=\"allow-scripts\" security=\"restricted\" style=\"position: absolute; clip: rect(1px, 1px, 1px, 1px);\" title=\"&#8220;Editorial #4: Fernando Rebola&#8221; &#8212; TransCoTec\" src=\"https:\/\/transcotec.ipportalegre.pt\/index.php\/2022\/11\/30\/editorial-fernando-rebola\/embed\/#?secret=8IC6akiJe3#?secret=YxzBIrhTVn\" data-secret=\"YxzBIrhTVn\" width=\"600\" height=\"338\" frameborder=\"0\" marginwidth=\"0\" marginheight=\"0\" scrolling=\"no\"><\/iframe><\/p>\n\n\n<figure class=\"wp-block-image size-full is-resized\"><img loading=\"lazy\" decoding=\"async\" src=\"http:\/\/transcotec.ipportalegre.pt\/wp-content\/uploads\/2022\/10\/separador-transcotec.png\" alt=\"\" class=\"wp-image-267\" width=\"202\" height=\"42\"\/><\/figure>\n\n\n<p><blockquote class=\"wp-embedded-content\" data-secret=\"TiqHi3NLZk\"><a href=\"https:\/\/transcotec.ipportalegre.pt\/index.php\/2022\/11\/18\/editorial-olinda-sequeira\/\">Editorial #3: Olinda Sequeira<\/a><\/blockquote><iframe loading=\"lazy\" class=\"wp-embedded-content\" sandbox=\"allow-scripts\" security=\"restricted\" style=\"position: absolute; clip: rect(1px, 1px, 1px, 1px);\" title=\"&#8220;Editorial #3: Olinda Sequeira&#8221; &#8212; TransCoTec\" src=\"https:\/\/transcotec.ipportalegre.pt\/index.php\/2022\/11\/18\/editorial-olinda-sequeira\/embed\/#?secret=54oC71f9xD#?secret=TiqHi3NLZk\" data-secret=\"TiqHi3NLZk\" width=\"600\" height=\"338\" frameborder=\"0\" marginwidth=\"0\" marginheight=\"0\" scrolling=\"no\"><\/iframe><\/p>\n\n\n<figure class=\"wp-block-image size-full is-resized\"><img loading=\"lazy\" decoding=\"async\" src=\"http:\/\/transcotec.ipportalegre.pt\/wp-content\/uploads\/2022\/10\/separador-transcotec.png\" alt=\"\" class=\"wp-image-267\" width=\"202\" height=\"42\"\/><\/figure>\n\n\n<p><blockquote class=\"wp-embedded-content\" data-secret=\"m0kihgviSu\"><a href=\"https:\/\/transcotec.ipportalegre.pt\/index.php\/2022\/11\/08\/editorial-joao-samartinho\/\">Editorial #2: Jo\u00e3o Samartinho<\/a><\/blockquote><iframe loading=\"lazy\" class=\"wp-embedded-content\" sandbox=\"allow-scripts\" security=\"restricted\" style=\"position: absolute; clip: rect(1px, 1px, 1px, 1px);\" title=\"&#8220;Editorial #2: Jo\u00e3o Samartinho&#8221; &#8212; TransCoTec\" src=\"https:\/\/transcotec.ipportalegre.pt\/index.php\/2022\/11\/08\/editorial-joao-samartinho\/embed\/#?secret=TMIybydpwO#?secret=m0kihgviSu\" data-secret=\"m0kihgviSu\" width=\"600\" height=\"338\" frameborder=\"0\" marginwidth=\"0\" marginheight=\"0\" scrolling=\"no\"><\/iframe><\/p>\n\n\n<figure class=\"wp-block-image size-full is-resized\"><img loading=\"lazy\" decoding=\"async\" src=\"http:\/\/transcotec.ipportalegre.pt\/wp-content\/uploads\/2022\/10\/separador-transcotec.png\" alt=\"\" class=\"wp-image-267\" width=\"202\" height=\"42\"\/><\/figure>\n\n\n<p><blockquote class=\"wp-embedded-content\" data-secret=\"onu8lkUDQF\"><a href=\"https:\/\/transcotec.ipportalegre.pt\/index.php\/2022\/10\/03\/editorial-artur-romao\/\">Editorial #1: Artur Rom\u00e3o<\/a><\/blockquote><iframe loading=\"lazy\" class=\"wp-embedded-content\" sandbox=\"allow-scripts\" security=\"restricted\" style=\"position: absolute; clip: rect(1px, 1px, 1px, 1px);\" title=\"&#8220;Editorial #1: Artur Rom\u00e3o&#8221; &#8212; TransCoTec\" src=\"https:\/\/transcotec.ipportalegre.pt\/index.php\/2022\/10\/03\/editorial-artur-romao\/embed\/#?secret=lfQpPL9yGS#?secret=onu8lkUDQF\" data-secret=\"onu8lkUDQF\" width=\"600\" height=\"338\" frameborder=\"0\" marginwidth=\"0\" marginheight=\"0\" scrolling=\"no\"><\/iframe><\/p>","protected":false},"excerpt":{"rendered":"<p>Editorial #18: Olinda Sequeira Editorial #17: Jo\u00e3o Samartinho Editorial #16: Lu\u00eds Loures Editorial #15: Olinda Sequeira Editorial #14: Jo\u00e3o Samartinho Editorial #13: Ricardo Campos Editorial #12: Olinda Sequeira Editorial #11: &#8230;<\/p>\n","protected":false},"author":1,"featured_media":0,"parent":0,"menu_order":0,"comment_status":"closed","ping_status":"closed","template":"","meta":{"footnotes":""},"class_list":["post-287","page","type-page","status-publish","hentry"],"_links":{"self":[{"href":"https:\/\/transcotec.ipportalegre.pt\/index.php\/wp-json\/wp\/v2\/pages\/287","targetHints":{"allow":["GET"]}}],"collection":[{"href":"https:\/\/transcotec.ipportalegre.pt\/index.php\/wp-json\/wp\/v2\/pages"}],"about":[{"href":"https:\/\/transcotec.ipportalegre.pt\/index.php\/wp-json\/wp\/v2\/types\/page"}],"author":[{"embeddable":true,"href":"https:\/\/transcotec.ipportalegre.pt\/index.php\/wp-json\/wp\/v2\/users\/1"}],"replies":[{"embeddable":true,"href":"https:\/\/transcotec.ipportalegre.pt\/index.php\/wp-json\/wp\/v2\/comments?post=287"}],"version-history":[{"count":27,"href":"https:\/\/transcotec.ipportalegre.pt\/index.php\/wp-json\/wp\/v2\/pages\/287\/revisions"}],"predecessor-version":[{"id":965,"href":"https:\/\/transcotec.ipportalegre.pt\/index.php\/wp-json\/wp\/v2\/pages\/287\/revisions\/965"}],"wp:attachment":[{"href":"https:\/\/transcotec.ipportalegre.pt\/index.php\/wp-json\/wp\/v2\/media?parent=287"}],"curies":[{"name":"wp","href":"https:\/\/api.w.org\/{rel}","templated":true}]}}